883
In base 4, what is 231031 + 31120?
322211
In base 2, what is 101010011101011001011 + -1011?
101010011101011000000
In base 7, what is -211004 - 16?
-211023
In base 4, what is 2232213233 - -1030?
2232220323
In base 9, what is 272 - -2615315?
2615587
In base 7, what is -133053226 - -26?
-133053200
In base 15, what is 1b + -54acb?
-54ab0
In base 12, what is -264533b + -3?
-2645342
In base 5, what is -12100414 - -10314?
-12040100
In base 4, what is -20332 + -232210023?
-232231021
In base 8, what is -1 + -61715172?
-61715173
In base 5, what is 3 + 10020223?
10020231
In base 5, what is 430130 + 22?
430202
In base 13, what is 46804 + 10?
46814
In base 7, what is -11012 + -3352614?
-3363626
In base 13, what is -401 + 23631?
23230
In base 8, what is -171 + 45664?
45473
In base 11, what is -2170 - 772?
-2932
In base 2, what is 10110100100 - 100001110011?
-1011001111
In base 10, what is -1377 + -74648?
-76025
In base 14, what is 17077 + -79?
16ddc
In base 14, what is 25a09bd + -7?
25a09b6
In base 5, what is -240420132 - -4?
-240420123
In base 3, what is -11022200100 - 10?
-11022200110
In base 10, what is 8062 + 4920?
12982
In base 9, what is -50 - 1724088?
-1724148
In base 11, what is -43a9 - -9468?
506a
In base 13, what is -479079 - -4?
-479075
In base 14, what is -51895 + -6a?
-51921
In base 16, what is 8 + -93078?
-93070
In base 3, what is 100102120001102 - -1200?
100102120010002
In base 2, what is -1101010111011 + 11001010110000?
1011111110101
In base 16, what is 8ec4d - bc?
8eb91
In base 12, what is -351439a0 - -1?
-3514399b
In base 14, what is 8b9923d - 2?
8b9923b
In base 6, what is -12 - -221410130?
221410114
In base 6, what is 3 - 301533332?
-301533325
In base 10, what is 15346466 + 0?
15346466
In base 3, what is -2010212 - 20212?
-2101201
In base 7, what is 25514300 - -2?
25514302
In base 10, what is 1209339229 + 4?
1209339233
In base 9, what is 781 + -327441?
-326550
In base 10, what is -1706798 + 3?
-1706795
In base 9, what is 16113 + 15884?
33107
In base 7, what is 36544 - -2312?
42156
In base 7, what is 5 - -1434610?
1434615
In base 12, what is -15 - -463906?
4638b1
In base 10, what is -3 + 2905849?
2905846
In base 8, what is -47216253 - -12?
-47216241
In base 10, what is 104771 + 218?
104989
In base 8, what is -254621546 - -2?
-254621544
In base 15, what is 1858 - -c54?
25ac
In base 5, what is -1 - -120200001224?
120200001223
In base 3, what is 121 - 1021200102100?
-1021200101202
In base 11, what is -4 - -1593749?
1593745
In base 10, what is -12059 + 4185?
-7874
In base 13, what is 12875c - 884?
127ba8
In base 14, what is 5 - 220b7b9?
-220b7b4
In base 7, what is -640 - -226055?
225115
In base 12, what is -2 - 1a976806?
-1a976808
In base 7, what is 62 + 1333440?
1333532
In base 8, what is -3 + 14456431?
14456426
In base 9, what is 5823551581 - -3?
5823551584
In base 4, what is 11 - -322122231230?
322122231301
In base 6, what is 5234 + 1125003?
1134241
In base 3, what is -2 - -12012202221011100?
12012202221011021
In base 11, what is 3 + 1869549?
1869551
In base 15, what is -5bd69 + -510?
-5c379
In base 5, what is -11 + -413233303?
-413233314
In base 4, what is -12210233 - 23?
-12210322
In base 15, what is -b59263c + 4?
-b592638
In base 14, what is 4 + -13ab63?
-13ab5d
In base 4, what is 10 + -2232121320302?
-2232121320232
In base 10, what is 2 + 10169303?
10169305
In base 9, what is -116 - 162025?
-162142
In base 13, what is -42c2c - 337?
-43266
In base 5, what is -414110110 - 330?
-414110440
In base 7, what is -126035360 + 4?
-126035353
In base 10, what is -1174 - -8473?
7299
In base 2, what is 101111100011010011 + -1000111011110?
101110011011110101
In base 6, what is 2003100235 + 4?
2003100243
In base 8, what is -1 + 52022064?
52022063
In base 9, what is 14577 - -6215?
21803
In base 14, what is 21 - -1dd4da2?
1dd4dc3
In base 8, what is -4 + -3125317?
-3125323
In base 14, what is 0 - -53412?
53412
In base 2, what is -101 + 100000011110100101?
100000011110100000
In base 16, what is -8a - -49a15?
4998b
In base 16, what is bb - -2480?
253b
In base 6, what is -23045455544 - 3?
-23045455551
In base 6, what is -2 - 1525040445?
-1525040451
In base 16, what is 1b861e - 0?
1b861e
In base 15, what is -cc922 - -9?
-cc918
In base 5, what is 10201030 + 231?
10201311
In base 5, what is 10130220 - -414?
10131134
In base 9, what is 1166 - -265481?
266657
In base 6, what is 5 + -13522302?
-13522253
In base 10, what is 41407517 - -15?
41407532
In base 9, what is -414038838 + 0?
-414038838
In base 2, what is -111 + 11000110100100001111?
11000110100100001000
In base 10, what is 545 + -2029?
-1484
In base 10, what is -11358855 + 0?
-11358855
In base 3, what is -220112 + -202012120?
-210010002
In base 15, what is 811 - -2ae7?
3408
In base 7, what is -104140 - 10010?
-114150
In base 7, what is 24 + 216123513?
216123540
In base 7, what is -1345140 - -633?
-1344204
In base 10, what is -400 - 760492?
-760892
In base 15, what is -b + -572c2e?
-572c3a
In base 3, what is 112012 + 12020210?
12202222
In base 15, what is 1e701 - 30?
1e6c1
In base 8, what is -1425 + -51260?
-52705
In base 16, what is 2 - b57734?
-b57732
In base 6, what is -53022444103 + -2?
-53022444105
In base 9, what is -4 + -23363331?
-23363335
In base 14, what is -9 - 3bc76?
-3bc81
In base 13, what is 41 - -1109c2?
110a33
In base 16, what is 91e09 - 4?
91e05
In base 14, what is 5 - -1bb29d?
1bb2a4
In base 7, what is -203525 + 566?
-202626
In base 7, what is -634603223 - -5?
-634603215
In base 2, what is 10 + -10011011001110001010001101?
-10011011001110001010001011
In base 13, what is -78966225 - 4?
-78966229
In base 10, what is -16278466 + -5?
-16278471
In base 14, what is 17779 - c0?
17699
In base 15, what is -c89 - 709?
-1493
In base 7, what is -30001 + 60133?
30132
In base 5, what is -102213 - -410444?
303231
In base 9, what is -60 + -4426448?
-4426518
In base 13, what is 170 - 98927?
-98787
In base 15, what is 192b7 - -20?
192d7
In base 9, what is -35605 - 108?
-35714
In base 8, what is -4 + 446625546?
446625542
In base 3, what is 12022111 + -1102211020?
-1020111202
In base 7, what is 6366 - -53150?
62546
In base 13, what is 990 - -129b5b?
12a81b
In base 8, what is -22064 + -710?
-22774
In base 7, what is -14 - 23023051?
-23023065
In base 4, what is -12110 + -1130120?
-1202230
In base 9, what is 57048 - -373?
57432
In base 10, what is 14273 - -2523?
16796
In base 7, what is -1160056020 - -4?
-1160056013
In base 15, what is 3c + -1c65c9?
-1c658c
In base 6, what is 42545130 + -21?
42545105
In base 5, what is -21021004 + -140?
-21021144
In base 11, what is 118268 - -496?
118753
In base 4, what is 32012332 + -2211?
32010121
In base 4, what is 0 + 23022303012?
23022303012
In base 16, what is 4fbcb7a - 2?
4fbcb78
In base 15, what is -2bd6 - 4e79?
-7b60
In base 10, what is -2 - 19696?
-19698
In base 9, what is 14516 + -14815?
-288
In base 5, what is 1341422332 + 110?
1341422442
In base 15, what is 35d527 - -1?
35d528
In base 11, what is 347204 + 1a?
347223
In base 15, what is -d - -501311?
501303
In base 2, what is 100110100001 + -101100111101?
-110011100
In base 13, what is -917324 + 8?
-917319
In base 6, what is 125311021 + 15?
125311040
In base 2, what is 110010011100110011011010 + 11?
110010011100110011011101
In base 13, what is -668 + 46b36?
4649b
In base 2, what is -1100110011 - 111000111000010011?
-111001000101000110
In base 8, what is 304 - -1043?
1347
In base 5, what is -122244 - 1421420?
-2044214
In base 7, what is -21250101 - -352?
-21246416
In base 2, what is -1010110111000 + -10010100100?
-1101001011100
In base 6, what is 10 + 43450402?
43450412
In base 10, what is 156 + -856359?
-856203
In base 12, what is -4ab + -11109?
-115b8
In base 13, what is -7b9787 - 30?
-7b97b7
In base 11, what is 8109615 - 0?
8109615
In base 9, what is -1 - 63500?
-63501
In base 6, what is -501010231 + 5?
-501010222
In base 5, what is -3000431100 + -2?
-3000431102
In base 6, what is 104112 - -25?
104141
In base 8, what is 154424 - -140?
154564
In base 7, what is -3203163 + -1040?
-3204233
In base 11, what is -2436 - -a462?
8027
In base 5, what is 34323 - 3132413?
-3043040
In base 6, what is 140113423 + 522?
140114345
In base 11, what is 2 + 24a810?
24a812
In base 7, what is -6132260651 - 3?
-6132260654
In bas